{"id":54,"date":"2020-01-21T14:50:14","date_gmt":"2020-01-21T14:50:14","guid":{"rendered":"http:\/\/copenhagenagreement.org\/?page_id=54"},"modified":"2025-11-18T13:06:01","modified_gmt":"2025-11-18T13:06:01","slug":"kontakter","status":"publish","type":"page","link":"https:\/\/copenhagenagreement.org\/?page_id=54","title":{"rendered":"Kontakter"},"content":{"rendered":"<p>\u00a0<\/p>\n<table class=\"kontakter_table\" style=\"height: 912px;\" width=\"842\" cellspacing=\"0\" cellpadding=\"0\" align=\"left\">\n<tbody>\n<tr>\n<td>\n<h3>\u00a0 Danmark<img decoding=\"async\" style=\"float: left;\" src=\"https:\/\/copenhagenagreement.org\/wp-content\/uploads\/2024\/08\/denmark-small-e1724062102919.png\" alt=\"\" \/><\/h3>\n<\/td>\n<td>\n<h3>\u00a0 F\u00f8royar<img decoding=\"async\" style=\"float: left;\" src=\"https:\/\/copenhagenagreement.org\/wp-content\/uploads\/2024\/08\/faroeislands-small-e1724062076673.png\" alt=\"\" \/><\/h3>\n<\/td>\n<td>\n<h3><img decoding=\"async\" style=\"width: 57px; height: 41px; float: left;\" src=\"https:\/\/copenhagenagreement.org\/wp-content\/uploads\/2024\/08\/iceland-small-e1724062089743.png\" alt=\"\" \/>\u00a0 \u00cdsland<\/h3>\n<\/td>\n<\/tr>\n<tr>\n<td>\n<p><strong>Morten Fomsgaard Viborg<\/strong><br \/>S\u00f8v\u00e6rnskommandoen<\/p>\n<p>Herningvej 30<br \/>DK-7470 Karup J<br \/>Danmark<\/p>\n<p>Tel: +45 7285 0000<br \/>Tel direkt: +45 2931 4163<br \/><a href=\"mailto:fko-sv-ob104@fiin.dk\">fko-sv-ob104@fiin.dk<\/a><\/p>\n<\/td>\n<td>\n<p><strong>\u00d3li Hans Olsen<\/strong><br \/>V\u00f8rn<\/p>\n<p>Postr\u00fam 1238<br \/>FO-110 T\u00f3rshavn<br \/>F\u00f8royar<\/p>\n<p>Tel: +298 311 065<br \/><a href=\"mailto:joannesh@vorn.fo\">olaho@vorn.fo<\/a><\/p>\n<p>\u00a0<\/p>\n<\/td>\n<td>\n<p><strong>Halla Einarsdottir<\/strong><br \/>Icelandic Environment and Energy Agency<\/p>\n<p>Sudurlandsbraut 24<br \/>IS-108<br \/>Reykjavik<br \/>Island<\/p>\n<p>Tel: +354 569 6000<br \/><a href=\"mailto:hallae@ust.is\" target=\"_blank\" rel=\"noopener\">hallae@ust.is<\/a><\/p>\n<\/td>\n<\/tr>\n<tr>\n<td>\n<h3><img loading=\"lazy\" decoding=\"async\" class=\" img-responsive\" style=\"width: 48px; height: 34px; float: left;\" src=\"https:\/\/copenhagenagreement.org\/wp-content\/uploads\/2024\/08\/norway-small.png\" alt=\"\" width=\"58\" height=\"41\" \/>\u00a0 Norge<\/h3>\n<\/td>\n<td>\n<h3><img decoding=\"async\" class=\" img-responsive\" style=\"width: 57px; height: 34px; float: left;\" src=\"https:\/\/copenhagenagreement.org\/wp-content\/uploads\/2024\/08\/finland-small-e1724062121973.png\" alt=\"\" \/>\u00a0 Suomi<\/h3>\n<\/td>\n<td>\n<h3><img decoding=\"async\" style=\"width: 57px; height: 36px; float: left;\" src=\"https:\/\/copenhagenagreement.org\/wp-content\/uploads\/2024\/08\/sweden-small-e1724062131628.png\" alt=\"\" \/>\u00a0 Sverige<\/h3>\n<\/td>\n<\/tr>\n<tr>\n<td>\n<p><strong>Hans Petter Mortensholm<\/strong><br \/>Kystverket<\/p>\n<p>Pb 1502<br \/>NO-6025 \u00c5lesund<br \/>Norge<\/p>\n<p>Tel: +47 41 67 49 04<br \/><a href=\"mailto:hans.petter.laahne.mortensholm@kystverket.no\">hans.petter.laahne.mortensholm@kystverket.no<\/a><\/p>\n<p>\u00a0<\/p>\n<\/td>\n<td>\n<p><strong>Petteri Salli<\/strong><br \/>Finnish Border Guard<\/p>\n<p>Pb 3, <br \/>FI-00131 Helsinki<br \/>Finland<\/p>\n<p>Tel: + 358 29 542 1154<br \/><a href=\"mailto:petteri.salli@raja.fi\">petteri.salli@raja.fi<\/a><\/p>\n<p>\u00a0<\/p>\n<\/td>\n<td>\n<p><strong>Cesar Vallin<\/strong><br \/>Kustbevakningen<\/p>\n<p>Stumholmen, Box 536<br \/>SE-371 23 Karlskrona,<br \/>Sverige<\/p>\n<p>Tel: +46 729 688 896<br \/><a href=\"mailto:Cesar.Vallin@kustbevakningen.se\">Cesar.Vallin@kustbevakningen.se<\/a><\/p>\n<p>\u00a0<\/p>\n<\/td>\n<\/tr>\n<tr>\n<td>\n<h3>\u00a0 Gr\u00f8nland<img decoding=\"async\" style=\"float: left;\" src=\"https:\/\/copenhagenagreement.org\/wp-content\/uploads\/2024\/08\/Flag_of_Greenland.svg_-e1724061592603.png\" alt=\"\" \/><\/h3>\n<\/td>\n<td>\n<h3>\u00a0\u00c5land<img decoding=\"async\" style=\"float: left;\" src=\"https:\/\/copenhagenagreement.org\/wp-content\/uploads\/2024\/08\/aland_flag-e1724061550567.jpeg\" alt=\"\" \/><\/h3>\n<\/td>\n<td>\n<h3>\u00a0 Sekretariat<\/h3>\n<\/td>\n<\/tr>\n<tr>\n<td>\n<p><strong>Departementet for Indenrigsanliggender<\/strong>, <br \/>Natur og Milj\u00f8, Milj\u00f8afdelingen<\/p>\n<p>P.O.Box 1614<br \/>3900 Nuuk<br \/>Gr\u00f8nland<\/p>\n<p>Tel:<span style=\"font-family: inherit; font-size: inherit;\"> +299 345<br \/><\/span><a style=\"font-family: inherit; font-size: inherit;\" href=\"mailto:nnpan@nanoq.gl\">nnpan@nanoq.gl<\/a><\/p>\n<\/td>\n<td>\n<p><strong>Niklas Karlman<\/strong><br \/><span style=\"font-family: inherit; font-size: inherit;\">\u00c5land<\/span><span style=\"font-family: inherit; font-size: inherit;\">s Landskapsregering<\/span><\/p>\n<p>PB 1060<br \/>AX-22111 Mariehamn<br \/>\u00c5land<\/p>\n<p>Tel:+358 (0)18 25 000<br \/>FAX:+358 (0)18 19 155<br \/><a href=\"mailto:magnus.nystrom@ym.fi\">Niklas.karlman@regeringen.ax.<\/a><\/p>\n<\/td>\n<td>\n<p><strong>Ingar Melhus<\/strong><br \/>Kystverket<\/p>\n<p>Pb 1502<br \/>NO-6025 \u00c5LESUND<\/p>\n<p>Tel: +47 913 76 543<br \/><a href=\"mailto:copenhagenagreement@gmail.com\">copenhagenagreement@gmail.com<\/a><\/p>\n<p>\u00a0<\/p>\n<\/td>\n<\/tr>\n<\/tbody>\n<\/table>\n\n\n<p> <\/p>\n\n","protected":false},"excerpt":{"rendered":"<p>\u00a0 \u00a0 Danmark \u00a0 F\u00f8royar \u00a0 \u00cdsland Morten Fomsgaard ViborgS\u00f8v\u00e6rnskommandoen Herningvej 30DK-7470 Karup JDanmark Tel: +45 7285 0000Tel direkt: +45 2931 4163fko-sv-ob104@fiin.dk \u00d3li Hans OlsenV\u00f8rn Postr\u00fam 1238FO-110 T\u00f3rshavnF\u00f8royar Tel: +298 311 065olaho@vorn.fo \u00a0 Halla EinarsdottirIcelandic Environment and Energy Agency Sudurlandsbraut 24IS-108ReykjavikIsland Tel: +354 569 6000hallae@ust.is \u00a0 Norge \u00a0 Suomi \u00a0 Sverige Hans Petter MortensholmKystverket Pb &#8230; <a href=\"https:\/\/copenhagenagreement.org\/?page_id=54\" class=\"more-link text-uppercase small\"><strong>Continue Reading<\/strong> <i class=\"fa fa-angle-double-right\" aria-hidden=\"true\"><\/i><\/a><\/p>\n","protected":false},"author":1,"featured_media":0,"parent":0,"menu_order":0,"comment_status":"closed","ping_status":"closed","template":"","meta":{"footnotes":""},"class_list":["post-54","page","type-page","status-publish","hentry"],"_links":{"self":[{"href":"https:\/\/copenhagenagreement.org\/index.php?rest_route=\/wp\/v2\/pages\/54","targetHints":{"allow":["GET"]}}],"collection":[{"href":"https:\/\/copenhagenagreement.org\/index.php?rest_route=\/wp\/v2\/pages"}],"about":[{"href":"https:\/\/copenhagenagreement.org\/index.php?rest_route=\/wp\/v2\/types\/page"}],"author":[{"embeddable":true,"href":"https:\/\/copenhagenagreement.org\/index.php?rest_route=\/wp\/v2\/users\/1"}],"replies":[{"embeddable":true,"href":"https:\/\/copenhagenagreement.org\/index.php?rest_route=%2Fwp%2Fv2%2Fcomments&post=54"}],"version-history":[{"count":58,"href":"https:\/\/copenhagenagreement.org\/index.php?rest_route=\/wp\/v2\/pages\/54\/revisions"}],"predecessor-version":[{"id":474,"href":"https:\/\/copenhagenagreement.org\/index.php?rest_route=\/wp\/v2\/pages\/54\/revisions\/474"}],"wp:attachment":[{"href":"https:\/\/copenhagenagreement.org\/index.php?rest_route=%2Fwp%2Fv2%2Fmedia&parent=54"}],"curies":[{"name":"wp","href":"https:\/\/api.w.org\/{rel}","templated":true}]}}